Let p(n) = 2*n**3 + 3*n**2 + 2*n. Let w be p(-2). Calculate the remainder when 1 + 0 - (-60)/5 is divided by h(w).
3
Let b(x) = x**2 + 11*x + 23. What is the remainder when 67 is divided by b(-11)?
21
Let p(r) = -5*r + 2*r - r**2 - 5*r + 0*r**2 - 5. Calculate the remainder when 11 is divided by p(-6).
4
Suppose 0 = -3*a + 5*f + 13, -6*a - f + 7 = -5*a. Calculate the remainder when a is divided by (2 + -3)*-1*4.
2
Let a = 61 + -11. What is the remainder when a is divided by 26?
24
Suppose -3*m + 24 = -7*m. What is the remainder when 124/10 + m/(-10) is divided by (4/(-6))/((-2)/21)?
6
Let p = 8 - 3. Suppose p*x = 1 + 9. Suppose -x*l + 12 = -l. What is the remainder when l is divided by 7?
5
Let a(c) = c - 3. Let d be a(3). Let i be d/(3/((-6)/(-4))). Suppose i = o + 4*z - 9, -20 = -3*o - 2*z + 17. What is the remainder when 25 is divided by o?
12
Let o = -19 - -22. Suppose o*y = 5*y - 52. Calculate the remainder when y is divided by 9.
8
Let z be 2*118/4 + 1. Let p(l) = l**2 - 5*l - 1. Let o be p(6). Suppose 197 = o*g + 2*u + 44, 2*g = -2*u + z. Calculate the remainder when g is divided by 11.
9
Suppose -4*t + 21 = a, 0*t + 3*t = a + 14. Suppose 4*i - 32 = 3*g - 7*g, -20 = -t*g - i. What is the remainder when 9 is divided by g?
0
Suppose -4*d = -0 + 8. What is the remainder when 70 is divided by -1 + 23 + d - 2?
16
Suppose j + 2 = -3*j - 2*t, 0 = -2*j + 3*t + 19. What is the remainder when 4 is divided by j?
0
Let o(h) = -h**3 + 4*h**2 + 4*h - 1. Let x be o(5). Let s = 5 + x. Let v(p) = 12*p**2 + 1. What is the remainder when 37 is divided by v(s)?
11
Suppose 3*b = 6, -b - 6 = -0*q - 4*q. Let k = 8 + -3. Suppose 4*j - 31 = -q*m + k, -4*j - 4 = 0. Calculate the remainder when m is divided by 7.
6
Suppose 0 = -2*g - 6 + 4. Calculate the remainder when 1/(((-4)/124)/g) is divided by 11.
9
Let h = 131 + -93. Suppose 8 = 8*u - 7*u. What is the remainder when h is divided by u?
6
Let u be (-2 + 2)*1/(-2). Suppose u = -6*b + 3*b + 78. What is the remainder when b is divided by 9?
8
Let s = -11 + 5. Let j be ((-4)/(-6))/((-4)/s). Calculate the remainder when 40/4 + j/1 is divided by 6.
5
Let w(o) be the first derivative of o**2 - 5. Calculate the remainder when 1/3 - (-28)/6 is divided by w(1).
1
Let c(g) = g**2 - 3*g - 2. Let v be c(4). Suppose -2*o - v*o = -20. Let w(p) = p**2 + 4. What is the remainder when w(o) is divided by 10?
9
Suppose 2*a - 4*a - 78 = 0. Let z = a + 56. What is the remainder when 32 is divided by z?
15
Suppose 0 = -3*k - f + 6 + 136, -f = 4*k - 191. Let m be 0/((-4)/(-2)) + 16. Suppose -5*n + k = -m. Calculate the remainder when 38 is divided by n.
12
Let p(o) = -23*o + 7. What is the remainder when p(-3) is divided by 13?
11
Suppose n - 30 = -0. Calculate the remainder when 148 is divided by n.
28
Let b(i) = i**3 - 8*i**2 + 8*i + 6. Calculate the remainder when 24 is divided by b(7).
11
Let p(w) = -133*w + 126*w + 1 + 2. Let v(s) = 2*s**3 + 2*s**2 - 3*s - 3. Let k be v(-2). What is the remainder when p(k) is divided by 13?
12
Suppose -2*n - 2*n = 0. Calculate the remainder when 13 is divided by 4*(n + 7/4).
6
Suppose 4*y + 4*u = 4, 4*u = 5*y + 6*u - 14. Let i = 3 + -4. Calculate the remainder when y is divided by 1 - 0 - (0 + i).
0
Let i(m) = 8*m**2 - 4. Calculate the remainder when 53 is divided by i(-2).
25
Let l = 84 + 1. What is the remainder when l is divided by 29?
27
Let q = -6 + 6. Suppose -3*h - h + 120 = q. What is the remainder when h is divided by 11?
8
Suppose 3*m = 5*o - 493, -242 - 247 = -5*o + 4*m. Calculate the remainder when o is divided by 34.
33
Suppose 1 = -2*o + 5*u + 5, -3*u + 6 = 3*o. Calculate the remainder when 5 is divided by o.
1
Let w(o) = -63*o**3 + o. Let l be w(-1). Let x = l + -25. Calculate the remainder when x is divided by 13.
11
Suppose -5*v = -8*v + 6. Suppose -3*g + g = -10. Calculate the remainder when g is divided by v.
1
Let j(h) = 3*h**2 + 3*h - 4. Let o be (-2)/7 - 95/35. Let l be j(o). Suppose 0 = w - 0*w - l. Calculate the remainder when 26 is divided by w.
12
Let w = 24 + -15. Calculate the remainder when 12 is divided by w.
3
Let g = 5 - -5. Let j(f) = 4*f**2 + 0*f**2 - f - f**2 - f - 2. What is the remainder when j(3) is divided by g?
9
Let f be 33/(-1) + (-7 - -10). Calculate the remainder when 27 is divided by (-1 - -7)*(-75)/f.
12
Suppose 0 = 5*p - 5*z - 0*z - 175, -4*z + 82 = 2*p. Calculate the remainder when p is divided by 20.
17
Suppose -4*u + 12 = 5*c, -5*c + 0*c = 0. Suppose 4 = 3*g - 4*l, 14 = 5*g + u*l - 12. Suppose -6 = -3*i + i. What is the remainder when g is divided by i?
1
Let d = -74 - -96. Calculate the remainder when 42 is divided by d.
20
Suppose -4*q + 495 = -105. Calculate the remainder when q is divided by 17.
14
Suppose 16 = 5*m - 9. Calculate the remainder when 8/4*(-19)/(-2) is divided by m.
4
Suppose -2 - 11 = -f. Calculate the remainder when 64 is divided by f.
12
Let k(j) = 32*j**3 + 2*j**2 - j - 1. Calculate the remainder when 60 is divided by k(1).
28
Let i(h) = -2*h**2 + 22*h - 24. What is the remainder when 47 is divided by i(8)?
23
Suppose 3*d - 17 + 8 = 0. What is the remainder when 19 is divided by d?
1
Let o(j) = j**2 + j + 69. Let l(z) be the second derivative of -z**4/12 + 5*z**3/3 - 3*z**2/2 + 5*z. What is the remainder when o(0) is divided by l(7)?
15
Let n = 88 - -59. Calculate the remainder when n is divided by 37.
36
Let w = -12 - -104. What is the remainder when w is divided by 19?
16
Let m(i) = i**3 - 6*i**2 - 8*i - 11. Let c be m(8). Let w = -31 + c. Suppose 5*r - 28 = w. Calculate the remainder when r is divided by 6.
4
Suppose -5*w + 8*w - 105 = 0. What is the remainder when w is divided by (8/10)/(3/45)?
11
Let z(t) = 2*t**3 + t**2 - 6*t + 4. Calculate the remainder when 71 is divided by z(2).
11
What is the remainder when 75 is divided by (-3)/(9/2) + (-46)/(-6)?
5
Let v(q) = 4*q**3 - 2*q**2 - 2. Let m be v(2). Suppose 0 = -y - 0*y + m. Let x = y - 4. Calculate the remainder when 35 is divided by x.
17
Let x(g) = g + 20. Calculate the remainder when 90 is divided by x(11).
28
Let v(w) = w**3 - 4*w**2 - 4*w - 1. Let c be v(5). Let o be (-79)/3 + c/(-6). Let p = o + 38. Calculate the remainder when 31 is divided by p.
9
Let c = -17 + 28. Suppose -4 = x, 4*a = 2*x + 3*x + 256. Let y = -38 + a. Calculate the remainder when y is divided by c.
10
Let m(r) = 2*r**2 + 39*r - 57. Suppose 3*b + 2*s - 39 = 4*s, -b = -3*s - 20. Calculate the remainder when b is divided by m(-21).
5
Let i(b) = -b + 4. Let l be i(4). Suppose -w + 5 = -l. Calculate the remainder when (1 - -12)*(-2)/(-2) is divided by w.
3
Suppose 2*i - 160 = -3*i. Let u = -10 - -16. What is the remainder when i is divided by ((-4)/u)/((-10)/165)?
10
Suppose 2*s = -4*l + 40, 3*l + 0*l - 3*s - 12 = 0. Suppose -10 = -5*x, 2*v + 4*x - 30 = 2*x. Calculate the remainder when v is divided by l.
5
Let h = -1 - 7. Calculate the remainder when (-95)/(-3) - h/(-12) is divided by 11.
9
Suppose -v + a + a + 20 = 0, 2*v = -3*a + 61. Let h(p) = p - 6. Let l be h(-5). Let f = l + v. Calculate the remainder when 29 is divided by f.
14
Let k = 87 + -49. Suppose 0 = 5*q - 98 + k. Let n = -9 + 31. Calculate the remainder when n is divided by q.
10
Let k = 21 - 15. Let g(v) = -v + 9. Let y be (-1 + 6/4)*10. What is the remainder when k is divided by g(y)?
2
Calculate the remainder when 161 is divided by -1 - (-39 + (-9)/3).
38
Calculate the remainder when 13 is divided by -4 - (-2 + (-13 - -3)).
5
Suppose 5*t + t = 42. What is the remainder when 32 is divided by t?
4
Let n be 1*1*-3*1. Suppose 3*k - 35 = 8*k - 2*y, 0 = 3*k + 5*y - 10. Let r = n - k. Calculate the remainder when 4 is divided by r.
0
Let q(w) = w**2 + w + 4. Let c(l) = l**3 - 5*l**2 + 13*l - 7. Calculate the remainder when c(4) is divided by q(-3).
9
Calculate the remainder when (-6)/12*(3 - 23) is divided by 6.
4
Suppose -2*j + 363 = b + 2*b, 4*b - 498 = 2*j. Calculate the remainder when b is divided by 31.
30
Suppose 0 = 2*t - 3*a + a - 28, 5*t = a + 58. Calculate the remainder when t is divided by 2.
1
Let h(f) = 2*f**2 + 2*f + 6. What is the remainder when h(-4) is divided by 8?
6
Let j = 35 - 84. Let k = -6 - j. What is the remainder when k is divided by 11?
10
Let k = 8 - 3. Suppose 2*x + 16 = k*d + 4, 4*d - 13 = 5*x. Sup